alculate the remainder when 31024818 is divided by 15134.
118
Calculate the remainder when 135149 is divided by 589.
268
What is the remainder when 1079673 is divided by 15?
3
Calculate the remainder when 46472 is divided by 2746.
2536
Calculate the remainder when 762262 is divided by 2344.
462
What is the remainder when 214484 is divided by 107210?
64
Calculate the remainder when 211560 is divided by 450.
60
Calculate the remainder when 2113079 is divided by 1689.
140
What is the remainder when 295326 is divided by 98341?
303
What is the remainder when 56157 is divided by 3147?
2658
What is the remainder when 22538 is divided by 1150?
688
Calculate the remainder when 857991 is divided by 12424.
735
Calculate the remainder when 25268987 is divided by 92.
83
What is the remainder when 130415 is divided by 4647?
299
Calculate the remainder when 280955 is divided by 1180.
115
What is the remainder when 38524751 is divided by 7704948?
11
Calculate the remainder when 1394682 is divided by 174334.
10
Calculate the remainder when 443607 is divided by 221791.
25
What is the remainder when 1617559 is divided by 35?
34
Calculate the remainder when 98807619 is divided by 29.
8
Calculate the remainder when 30928 is divided by 38.
34
Calculate the remainder when 112476462 is divided by 1921.
1912
What is the remainder when 491689 is divided by 210?
79
Calculate the remainder when 26418614 is divided by 20.
14
Calculate the remainder when 128643 is divided by 18375.
18
What is the remainder when 97833 is divided by 45?
3
Calculate the remainder when 35421189 is divided by 287977.
18
What is the remainder when 1150667 is divided by 10958?
77
What is the remainder when 23503145 is divided by 1566876?
5
Calculate the remainder when 136589929 is divided by 148.
137
What is the remainder when 5532478 is divided by 339?
337
Calculate the remainder when 34504 is divided by 5041.
4258
What is the remainder when 17359454 is divided by 830?
4
Calculate the remainder when 76126460 is divided by 296.
292
What is the remainder when 325532 is divided by 162680?
172
Calculate the remainder when 168962989 is divided by 6821.
6819
Calculate the remainder when 1794027 is divided by 375.
27
Calculate the remainder when 17228 is divided by 2848.
140
What is the remainder when 171346642 is divided by 21?
19
What is the remainder when 4457954 is divided by 54?
38
Calculate the remainder when 84483369 is divided by 2635.
2634
Calculate the remainder when 8872231 is divided by 43.
41
What is the remainder when 65116 is divided by 1102?
98
Calculate the remainder when 40083732 is divided by 10020932.
4
Calculate the remainder when 103076 is divided by 1663.
1633
What is the remainder when 318939 is divided by 698?
651
What is the remainder when 14261 is divided by 1563?
194
What is the remainder when 66658615 is divided by 382?
379
Calculate the remainder when 12140092 is divided by 19676.
0
Calculate the remainder when 183476 is divided by 1872.
20
Calculate the remainder when 1127617 is divided by 280662.
4969
What is the remainder when 8129 is divided by 6607?
1522
Calculate the remainder when 11069 is divided by 500.
69
What is the remainder when 8325388 is divided by 256?
12
What is the remainder when 505538 is divided by 3502?
1250
Calculate the remainder when 3388577 is divided by 4257.
5
What is the remainder when 537148 is divided by 76733?
17
Calculate the remainder when 77089906 is divided by 37.
36
Calculate the remainder when 2747490 is divided by 1636.
646
Calculate the remainder when 25225512 is divided by 15.
12
What is the remainder when 662541 is divided by 165632?
13
What is the remainder when 9637101 is divided by 21754?
79
Calculate the remainder when 8197878 is divided by 99974.
10
Calculate the remainder when 18363987 is divided by 153033.
27
What is the remainder when 11940 is divided by 2111?
1385
What is the remainder when 560723 is divided by 112144?
3
Calculate the remainder when 184956 is divided by 182966.
1990
What is the remainder when 744021 is divided by 7228?
6765
Calculate the remainder when 362253 is divided by 2391.
1212
Calculate the remainder when 188255 is divided by 44.
23
Calculate the remainder when 20371424 is divided by 52.
8
What is the remainder when 446596 is divided by 224?
164
What is the remainder when 715926 is divided by 3507?
498
What is the remainder when 51579 is divided by 51511?
68
Calculate the remainder when 139650 is divided by 23240.
210
Calculate the remainder when 132745021 is divided by 79.
57
Calculate the remainder when 4035711 is divided by 14569.
98
What is the remainder when 2508744 is divided by 23?
19
Calculate the remainder when 1053837 is divided by 8846.
1163
Calculate the remainder when 7482504 is divided by 5555.
5474
Calculate the remainder when 397272 is divided by 4677.
4404
What is the remainder when 2770216 is divided by 48?
40
What is the remainder when 398729 is divided by 975?
929
What is the remainder when 61351843 is divided by 30675917?
9
What is the remainder when 6774 is divided by 3366?
42
Calculate the remainder when 274883 is divided by 33.
26
Calculate the remainder when 405155 is divided by 2614.
2599
What is the remainder when 3724780 is divided by 1013?
992
What is the remainder when 153310 is divided by 196?
38
Calculate the remainder when 13873 is divided by 2696.
393
Calculate the remainder when 20414411 is divided by 234.
17
What is the remainder when 153076763 is divided by 4070?
4063
What is the remainder when 260004 is divided by 129996?
12
Calculate the remainder when 4476937 is divided by 491.
490
Calculate the remainder when 4761406 is divided by 238.
216
Calculate the remainder when 442007 is divided by 20.
7
What is the remainder when 696269 is divided by 232076?
41
Calculate the remainder when 366893 is divided by 12229.
23
What is the remainder when 10618576 is divided by 2404?
108
Calculate the remainder when 225097900 is divided by 114.
112
Calculate the remainder when 242650 is divided by 120208.
2234
What is the remainder when 52959482 is divided by 483?
464
Calculate the remainder when 734186 is divided by 570.
26
Calculate the remainder when 765637 is divided by 9220.
377
Calculate the remainder when 2807433 is divided by 472.
449
Calculate the remainder when 353975 is divided by 180.
95
Calculate the remainder when 5137568 is divided by 395196.
20
Calculate the remainder when 1638640 is divided by 591.
388
What is the remainder when 315854 is divided by 240?
14
Calculate the remainder when 202553 is divided by 100.
53
Calculate the remainder when 1102927 is divided by 1455.
37
Calculate the remainder when 8668 is divided by 442.
270
Calculate the remainder when 18605871 is divided by 954.
9
Calculate the remainder when 114477221 is divided by 43.
41
Calculate the remainder when 49407527 is divided by 8.
7
Calculate the remainder when 3994189 is divided by 13773.
19
Calculate the remainder when 342145 is divided by 7955.
80
Calculate the remainder when 103954516 is divided by 34651503.
7
Calculate the remainder when 556156 is divided by 183949.
4309
Calculate the remainder when 52048 is divided by 6365.
1128
What is the remainder when 2658447 is divided by 185?
182
Calculate the remainder when 100567267 is divided by 2873350.
17
What is the remainder when 14969972 is divided by 2273?
2267
Calculate the remainder when 26582 is divided by 1572.
1430
Calculate the remainder when 7988537 is divided by 102.
101
What is the remainder when 2328332 is divided by 187?
182
Calculate the remainder when 32340 is divided by 4391.
1603
What is the remainder when 241251 is divided by 79334?
3249
Calculate the remainder when 36422762 is divided by 1314.
1310
Calculate the remainder when 4719066 is divided by 2021.
31
Calculate the remainder when 3362179 is divided by 6711.
6679
Calculate the remainder when 761475 is divided by 190365.
15
Calculate the remainder when 819113 is divided by 48180.
53
What is the remainder when 413126 is divided by 1090?
16
Calculate the remainder when 766305 is divided by 594.
45
What is the remainder when 42565 is divided by 1621?
419
Calculate the remainder when 3148589 is divided by 46993.
58
What is the remainder when 700879 is divided by 65?
